 2116.
2105
Calculate the remainder when 5325971 is divided by 1651.
1496
What is the remainder when 123491367 is divided by 44?
43
What is the remainder when 155204 is divided by 935?
929
What is the remainder when 15996833 is divided by 169?
138
What is the remainder when 36148740 is divided by 317?
279
What is the remainder when 154410 is divided by 154408?
2
Calculate the remainder when 12423 is divided by 8136.
4287
What is the remainder when 4490348 is divided by 25806?
104
What is the remainder when 637220 is divided by 238?
94
What is the remainder when 121721256 is divided by 8?
0
What is the remainder when 603065 is divided by 12048?
665
Calculate the remainder when 300360385 is divided by 15808441.
6
Calculate the remainder when 30274203 is divided by 151371.
3
Calculate the remainder when 4193323 is divided by 33.
13
Calculate the remainder when 22203 is divided by 1517.
965
What is the remainder when 3638746 is divided by 13?
7
Calculate the remainder when 487839 is divided by 121639.
1283
Calculate the remainder when 67975375 is divided by 22658453.
16
Calculate the remainder when 46858334 is divided by 105775.
9
What is the remainder when 1338352 is divided by 330?
202
What is the remainder when 50825 is divided by 2732?
1649
Calculate the remainder when 469463 is divided by 2015.
1983
What is the remainder when 4412438 is divided by 40481?
9
What is the remainder when 156863 is divided by 51931?
1070
What is the remainder when 240268 is divided by 4903?
21
What is the remainder when 471620 is divided by 1120?
100
What is the remainder when 1267241175 is divided by 3486?
3483
What is the remainder when 11617787 is divided by 2390?
2387
What is the remainder when 18169648 is divided by 1622?
4
What is the remainder when 26669194 is divided by 384?
10
Calculate the remainder when 393898 is divided by 196932.
34
What is the remainder when 312324982 is divided by 81?
79
What is the remainder when 466203 is divided by 31?
25
Calculate the remainder when 31470 is divided by 4466.
208
Calculate the remainder when 13515096 is divided by 563129.
0
What is the remainder when 53094 is divided by 26475?
144
What is the remainder when 9094260 is divided by 5394?
5370
What is the remainder when 61767310 is divided by 12?
10
Calculate the remainder when 209704 is divided by 2073.
331
Calculate the remainder when 2220844 is divided by 409.
383
What is the remainder when 6458557 is divided by 6458552?
5
What is the remainder when 30699 is divided by 7488?
747
Calculate the remainder when 1615178399 is divided by 300.
299
What is the remainder when 17583869 is divided by 5454?
173
What is the remainder when 4776 is divided by 2304?
168
What is the remainder when 36866579 is divided by 788?
787
Calculate the remainder when 7611603 is divided by 1087371.
6
What is the remainder when 770705 is divided by 140?
5
What is the remainder when 1032904 is divided by 1032902?
2
Calculate the remainder when 1885582 is divided by 531.
1
What is the remainder when 71250 is divided by 6874?
2510
What is the remainder when 159275373 is divided by 8705?
8693
What is the remainder when 1524380 is divided by 18?
14
Calculate the remainder when 8489987 is divided by 8489976.
11
What is the remainder when 3927490 is divided by 3?
1
Calculate the remainder when 133862 is divided by 1012.
278
Calculate the remainder when 520503358 is divided by 1864.
1862
Calculate the remainder when 26416 is divided by 8093.
2137
What is the remainder when 727138 is divided by 4017?
61
What is the remainder when 2795911 is divided by 118?
19
Calculate the remainder when 7911543 is divided by 1582206.
513
Calculate the remainder when 52656928 is divided by 18.
16
What is the remainder when 842905 is divided by 16?
9
What is the remainder when 13449038 is divided by 787?
782
Calculate the remainder when 2834681 is divided by 1784.
1689
What is the remainder when 193012 is divided by 776?
564
Calculate the remainder when 374609 is divided by 263.
97
What is the remainder when 21425854 is divided by 6354?
166
Calculate the remainder when 5242667 is divided by 14979.
17
What is the remainder when 168207915 is divided by 314?
313
Calculate the remainder when 325725 is divided by 106.
93
What is the remainder when 934557 is divided by 8988?
8793
Calculate the remainder when 956124 is divided by 4086.
0
What is the remainder when 219493 is divided by 43894?
23
Calculate the remainder when 7176 is divided by 7136.
40
What is the remainder when 7230669 is divided by 430?
219
What is the remainder when 7111158 is divided by 14?
12
Calculate the remainder when 53210 is divided by 334.
104
What is the remainder when 967239 is divided by 676?
559
Calculate the remainder when 2602439133 is divided by 176.
173
What is the remainder when 2103348 is divided by 116848?
84
Calculate the remainder when 3466110 is divided by 266622.
24
Calculate the remainder when 145720135 is divided by 863.
859
What is the remainder when 34000 is divided by 14?
8
Calculate the remainder when 5627225 is divided by 5650.
5475
What is the remainder when 385104 is divided by 424?
112
What is the remainder when 1627140 is divided by 813563?
14
What is the remainder when 15523 is divided by 2665?
2198
What is the remainder when 12502613 is divided by 14?
11
What is the remainder when 414270 is divided by 1167?
1152
What is the remainder when 37730458 is divided by 121?
117
Calculate the remainder when 27370 is divided by 8813.
931
What is the remainder when 6444438 is divided by 1099?
1001
What is the remainder when 999739 is divided by 656?
651
Calculate the remainder when 10762785 is divided by 91210.
5
What is the remainder when 11386 is divided by 849?
349
What is the remainder when 265577 is divided by 4223?
3751
What is the remainder when 11118372 is divided by 1125?
1122
Calculate the remainder when 16563124 is divided by 3121.
3098
What is the remainder when 6574320 is divided by 411?
375
Calculate the remainder when 162911 is divided by 159200.
3711
Calculate the remainder when 3877271 is divided by 3876770.
501
What is the remainder when 272453 is divided by 5495?
3198
Calculate the remainder when 44267 is divided by 8830.
117
What is the remainder when 129355 is divided by 6549?
4924
What is the remainder when 21539181 is divided by 104?
53
Calculate the remainder when 129855444 is divided by 269.
267
What is the remainder when 9817499 is divided by 220?
219
What is the remainder when 77773820 is divided by 391?
10
Calculate the remainder when 271196163 is divided by 442.
433
What is the remainder when 10972 is divided by 206?
54
Calculate the remainder when 22519178 is divided by 164.
10
Calculate the remainder when 4295 is divided by 426.
35
Calculate the remainder when 383479134 is divided by 32.
30
What is the remainder when 215883 is divided by 3127?
120
Calculate the remainder when 332466 is divided by 165674.
1118
What is the remainder when 834434 is divided by 4486?
38
Calculate the remainder when 2956491 is divided by 422269.
608
Calculate the remainder when 58140804 is divided by 8305827.
15
What is the remainder when 210996 is divided by 1818?
108
Calculate the remainder when 3584507 is divided by 111.
95
Calculate the remainder when 203328 is divided by 198.
180
What is the remainder when 67210429 is divided by 33605207?
15
Calculate the remainder when 25229 is divided by 12589.
51
What is the remainder when 3854435 is divided by 8780?
15
Calculate the remainder when 1330830 is divided by 954.
0
What is the remainder when 529413 is divided by 176471?
0
Calculate the remainder when 11928864 is divided by 82.
78
Calculate the remainder when 178930754 is divided by 1759.
1756
What is the remainder when 163256282 is divided by 45?
17
What is the remainder when 5596637 is divided by 243?
104
Calculate the remainder when 87889247 is divided by 3096.
3095
Calculate the remainder when 2789796 is divided by 34432.
804
What is the remainder when 154426 is divided by 4824?
58
Calculate the remainder when 497419 is divided by 755.
629
Calculate the remainder when 2523558 is divided by 842.
84
What is the remainder when 18282 is divided by 1815?
132
What is the remainder when 9624460 is divided by 1199?
87
Calcu